
{"id":1014,"date":"2021-05-31T10:50:50","date_gmt":"2021-05-31T10:50:50","guid":{"rendered":"https:\/\/podpora.nuggetsw.cz\/?post_type=lsvr_faq&#038;p=1014"},"modified":"2023-04-14T12:30:51","modified_gmt":"2023-04-14T12:30:51","slug":"jak-mam-spravne-zadat-zamestnanci-kratsi-pracovni-dobu","status":"publish","type":"lsvr_faq","link":"https:\/\/podpora.nuggetsw.cz\/index.php\/faq\/jak-mam-spravne-zadat-zamestnanci-kratsi-pracovni-dobu\/","title":{"rendered":"Zam\u011bstnanec: Jak m\u00e1m spr\u00e1vn\u011b zadat zam\u011bstnanci krat\u0161\u00ed pracovn\u00ed dobu?"},"content":{"rendered":"\n<p>Jak zam\u011bstnanci zadat krat\u0161\u00ed pracovn\u00ed dobu ne\u017e je z\u00e1konn\u00e1 t\u00fddenn\u00ed pracovn\u00ed doba vysv\u011btl\u00edme na p\u0159\u00edkladech.<\/p>\n\n\n\n<h4 class=\"wp-block-heading\">P\u0159\u00edklad \u010d. 1:<\/h4>\n\n\n\n<p><em>Zam\u011bstnankyn\u011b s t\u00fddenn\u00edm \u00favazkem 40 hodin se se sv\u00fdm zam\u011bstnavatelem dohodla na krat\u0161\u00edm pracovn\u00edm \u00favazku dle \u00a780, Z\u00e1kon\u00edku pr\u00e1ce. Jej\u00ed nov\u00fd \u00favazek bude \u010dinit 30 hodin t\u00fddne, kter\u00e9 budou rovnom\u011brn\u011b rozvr\u017eeny do 5 dn\u016f, Po \u2013 P\u00e1.<\/em><\/p>\n\n\n\n<p>Z\u00e1konn\u00fd t\u00fddenn\u00ed \u00favazek (L4022)&nbsp;&nbsp;&nbsp;&nbsp;&nbsp;&nbsp;&nbsp;&nbsp;&nbsp;&nbsp;&nbsp; 40&nbsp;&nbsp;&nbsp;&nbsp; <strong><u>(nep\u0159episujeme)<\/u><\/strong><\/p>\n\n\n\n<p>Jin\u00fd t\u00fddenn\u00ed \u00favazek (L4023)&nbsp;&nbsp;&nbsp;&nbsp;&nbsp;&nbsp;&nbsp;&nbsp;&nbsp;&nbsp;&nbsp;&nbsp;&nbsp;&nbsp;&nbsp;&nbsp;&nbsp;&nbsp;&nbsp;&nbsp; 30&nbsp;&nbsp;&nbsp;&nbsp; (v personalistice m\u016f\u017eeme pou\u017e\u00edt funkci zm\u011bny s&nbsp;\u010dasovou platnost\u00ed)<\/p>\n\n\n\n<p>\u010c\u00edslo kalend\u00e1\u0159e (L6014)&nbsp;&nbsp;&nbsp;&nbsp;&nbsp;&nbsp;&nbsp;&nbsp;&nbsp;&nbsp;&nbsp;&nbsp;&nbsp;&nbsp;&nbsp;&nbsp;&nbsp;&nbsp;&nbsp;&nbsp;&nbsp;&nbsp;&nbsp;&nbsp;&nbsp;&nbsp;&nbsp;&nbsp;&nbsp; 0 &nbsp;&nbsp;&nbsp;&nbsp;&nbsp; (jeliko\u017e se jedn\u00e1 o rovnom\u011brn\u00e9 rozvr\u017een\u00ed, nemus\u00edme tvo\u0159it kalend\u00e1\u0159)<\/p>\n\n\n\n<p>Zm\u011bna mzdy v \u00fadaji L4013&nbsp;&nbsp;&nbsp;&nbsp;&nbsp;&nbsp;&nbsp;&nbsp;&nbsp;&nbsp;&nbsp;&nbsp;&nbsp;&nbsp;&nbsp;&nbsp;&nbsp;&nbsp;&nbsp;&nbsp;&nbsp;&nbsp;&nbsp; zad\u00e1me p\u0159epo\u010dtenou hodnotu odpov\u00eddaj\u00edc\u00ed krat\u0161\u00edmu \u00favazku, program automaticky tento \u00fadaj nepokr\u00e1t\u00ed dle zadan\u00fdch hodin v \u00fadaji L4023<\/p>\n\n\n\n<h4 class=\"wp-block-heading\">P\u0159\u00edklad \u010d. 2:<\/h4>\n\n\n\n<p><em>Zam\u011bstnankyn\u011b s t\u00fddenn\u00edm \u00favazkem 40 hodin se se sv\u00fdm zam\u011bstnavatelem dohodla na krat\u0161\u00edm pracovn\u00edm \u00favazku dle \u00a780, Z\u00e1kon\u00edku pr\u00e1ce. Jej\u00ed nov\u00fd \u00favazek bude \u010dinit 24 hodin t\u00fddne, kter\u00e9 budou rozvr\u017eeny do 3 dn\u016f, Po, St, P\u00e1.<\/em><\/p>\n\n\n\n<p>Z\u00e1konn\u00fd t\u00fddenn\u00ed \u00favazek (L4022)&nbsp;&nbsp;&nbsp;&nbsp;&nbsp;&nbsp;&nbsp;&nbsp;&nbsp;&nbsp;&nbsp; 40&nbsp;&nbsp;&nbsp;&nbsp; <strong><u>(nep\u0159episujeme)<\/u><\/strong><\/p>\n\n\n\n<p>Jin\u00fd t\u00fddenn\u00ed \u00favazek (L4023)&nbsp;&nbsp;&nbsp;&nbsp;&nbsp;&nbsp;&nbsp;&nbsp;&nbsp;&nbsp;&nbsp;&nbsp;&nbsp;&nbsp;&nbsp;&nbsp;&nbsp;&nbsp;&nbsp;&nbsp; 24&nbsp;&nbsp;&nbsp;&nbsp; (v personalistice m\u016f\u017eeme pou\u017e\u00edt funkci zm\u011bny s&nbsp;\u010dasovou platnost\u00ed)<\/p>\n\n\n\n<p>\u010c\u00edslo kalend\u00e1\u0159e (L6014)&nbsp;&nbsp;&nbsp;&nbsp;&nbsp;&nbsp;&nbsp;&nbsp;&nbsp;&nbsp;&nbsp;&nbsp;&nbsp;&nbsp;&nbsp;&nbsp;&nbsp;&nbsp;&nbsp;&nbsp;&nbsp;&nbsp;&nbsp;&nbsp;&nbsp;&nbsp;&nbsp;&nbsp;&nbsp; mus\u00edme vytvo\u0159it kalend\u00e1\u0159<\/p>\n\n\n\n<p>Zm\u011bna mzdy v \u00fadaji L4013&nbsp;&nbsp;&nbsp;&nbsp;&nbsp;&nbsp;&nbsp;&nbsp;&nbsp;&nbsp;&nbsp;&nbsp;&nbsp;&nbsp;&nbsp;&nbsp;&nbsp;&nbsp;&nbsp;&nbsp;&nbsp;&nbsp;&nbsp; zad\u00e1me p\u0159epo\u010dtenou hodnotu odpov\u00eddaj\u00edc\u00ed krat\u0161\u00edmu \u00favazku, program automaticky tento \u00fadaj nepokr\u00e1t\u00ed dle zadan\u00fdch hodin v \u00fadaji L4023<\/p>\n","protected":false},"excerpt":{"rendered":"<p>Jak zam\u011bstnanci zadat krat\u0161\u00ed pracovn\u00ed dobu ne\u017e je z\u00e1konn\u00e1 t\u00fddenn\u00ed pracovn\u00ed doba vysv\u011btl\u00edme na p\u0159\u00edkladech. P\u0159\u00edklad \u010d. 1: Zam\u011bstnankyn\u011b s t\u00fddenn\u00edm \u00favazkem 40 hodin se se sv\u00fdm zam\u011bstnavatelem dohodla na krat\u0161\u00edm pracovn\u00edm \u00favazku dle \u00a780, Z\u00e1kon\u00edku pr\u00e1ce. Jej\u00ed nov\u00fd \u00favazek bude \u010dinit 30 hodin t\u00fddne, kter\u00e9 budou rovnom\u011brn\u011b rozvr\u017eeny do 5 dn\u016f, Po \u2013 P\u00e1. [&hellip;]<\/p>\n","protected":false},"author":3,"template":"","meta":{"footnotes":""},"lsvr_faq_cat":[41],"lsvr_faq_tag":[173],"class_list":["post-1014","lsvr_faq","type-lsvr_faq","status-publish","hentry","lsvr_faq_cat-nejcastejsi-dotazy","lsvr_faq_tag-tydenni-uvazek"],"_links":{"self":[{"href":"https:\/\/podpora.nuggetsw.cz\/index.php\/wp-json\/wp\/v2\/lsvr_faq\/1014","targetHints":{"allow":["GET"]}}],"collection":[{"href":"https:\/\/podpora.nuggetsw.cz\/index.php\/wp-json\/wp\/v2\/lsvr_faq"}],"about":[{"href":"https:\/\/podpora.nuggetsw.cz\/index.php\/wp-json\/wp\/v2\/types\/lsvr_faq"}],"author":[{"embeddable":true,"href":"https:\/\/podpora.nuggetsw.cz\/index.php\/wp-json\/wp\/v2\/users\/3"}],"version-history":[{"count":2,"href":"https:\/\/podpora.nuggetsw.cz\/index.php\/wp-json\/wp\/v2\/lsvr_faq\/1014\/revisions"}],"predecessor-version":[{"id":5007,"href":"https:\/\/podpora.nuggetsw.cz\/index.php\/wp-json\/wp\/v2\/lsvr_faq\/1014\/revisions\/5007"}],"wp:attachment":[{"href":"https:\/\/podpora.nuggetsw.cz\/index.php\/wp-json\/wp\/v2\/media?parent=1014"}],"wp:term":[{"taxonomy":"lsvr_faq_cat","embeddable":true,"href":"https:\/\/podpora.nuggetsw.cz\/index.php\/wp-json\/wp\/v2\/lsvr_faq_cat?post=1014"},{"taxonomy":"lsvr_faq_tag","embeddable":true,"href":"https:\/\/podpora.nuggetsw.cz\/index.php\/wp-json\/wp\/v2\/lsvr_faq_tag?post=1014"}],"curies":[{"name":"wp","href":"https:\/\/api.w.org\/{rel}","templated":true}]}}

Zaměstnanec: Jak mám správně zadat zaměstnanci kratší pracovní dobu?

<p>Jak zaměstnanci zadat kratší pracovní dobu než je zákonná týdenní pracovní doba vysvětlíme na příkladech.</p>



<h4 class="wp-block-heading">Příklad č. 1:</h4>



<p><em>Zaměstnankyně s týdenním úvazkem 40 hodin se se svým zaměstnavatelem dohodla na kratším pracovním úvazku dle §80, Zákoníku práce. Její nový úvazek bude činit 30 hodin týdne, které budou rovnoměrně rozvrženy do 5 dnů, Po – Pá.</em></p>



<p>Zákonný týdenní úvazek (L4022)&nbsp;&nbsp;&nbsp;&nbsp;&nbsp;&nbsp;&nbsp;&nbsp;&nbsp;&nbsp;&nbsp; 40&nbsp;&nbsp;&nbsp;&nbsp; <strong><u>(nepřepisujeme)</u></strong></p>



<p>Jiný týdenní úvazek (L4023)&nbsp;&nbsp;&nbsp;&nbsp;&nbsp;&nbsp;&nbsp;&nbsp;&nbsp;&nbsp;&nbsp;&nbsp;&nbsp;&nbsp;&nbsp;&nbsp;&nbsp;&nbsp;&nbsp;&nbsp; 30&nbsp;&nbsp;&nbsp;&nbsp; (v personalistice můžeme použít funkci změny s&nbsp;časovou platností)</p>



<p>Číslo kalendáře (L6014)&nbsp;&nbsp;&nbsp;&nbsp;&nbsp;&nbsp;&nbsp;&nbsp;&nbsp;&nbsp;&nbsp;&nbsp;&nbsp;&nbsp;&nbsp;&nbsp;&nbsp;&nbsp;&nbsp;&nbsp;&nbsp;&nbsp;&nbsp;&nbsp;&nbsp;&nbsp;&nbsp;&nbsp;&nbsp; 0 &nbsp;&nbsp;&nbsp;&nbsp;&nbsp; (jelikož se jedná o rovnoměrné rozvržení, nemusíme tvořit kalendář)</p>



<p>Změna mzdy v údaji L4013&nbsp;&nbsp;&nbsp;&nbsp;&nbsp;&nbsp;&nbsp;&nbsp;&nbsp;&nbsp;&nbsp;&nbsp;&nbsp;&nbsp;&nbsp;&nbsp;&nbsp;&nbsp;&nbsp;&nbsp;&nbsp;&nbsp;&nbsp; zadáme přepočtenou hodnotu odpovídající kratšímu úvazku, program automaticky tento údaj nepokrátí dle zadaných hodin v údaji L4023</p>



<h4 class="wp-block-heading">Příklad č. 2:</h4>



<p><em>Zaměstnankyně s týdenním úvazkem 40 hodin se se svým zaměstnavatelem dohodla na kratším pracovním úvazku dle §80, Zákoníku práce. Její nový úvazek bude činit 24 hodin týdne, které budou rozvrženy do 3 dnů, Po, St, Pá.</em></p>



<p>Zákonný týdenní úvazek (L4022)&nbsp;&nbsp;&nbsp;&nbsp;&nbsp;&nbsp;&nbsp;&nbsp;&nbsp;&nbsp;&nbsp; 40&nbsp;&nbsp;&nbsp;&nbsp; <strong><u>(nepřepisujeme)</u></strong></p>



<p>Jiný týdenní úvazek (L4023)&nbsp;&nbsp;&nbsp;&nbsp;&nbsp;&nbsp;&nbsp;&nbsp;&nbsp;&nbsp;&nbsp;&nbsp;&nbsp;&nbsp;&nbsp;&nbsp;&nbsp;&nbsp;&nbsp;&nbsp; 24&nbsp;&nbsp;&nbsp;&nbsp; (v personalistice můžeme použít funkci změny s&nbsp;časovou platností)</p>



<p>Číslo kalendáře (L6014)&nbsp;&nbsp;&nbsp;&nbsp;&nbsp;&nbsp;&nbsp;&nbsp;&nbsp;&nbsp;&nbsp;&nbsp;&nbsp;&nbsp;&nbsp;&nbsp;&nbsp;&nbsp;&nbsp;&nbsp;&nbsp;&nbsp;&nbsp;&nbsp;&nbsp;&nbsp;&nbsp;&nbsp;&nbsp; musíme vytvořit kalendář</p>



<p>Změna mzdy v údaji L4013&nbsp;&nbsp;&nbsp;&nbsp;&nbsp;&nbsp;&nbsp;&nbsp;&nbsp;&nbsp;&nbsp;&nbsp;&nbsp;&nbsp;&nbsp;&nbsp;&nbsp;&nbsp;&nbsp;&nbsp;&nbsp;&nbsp;&nbsp; zadáme přepočtenou hodnotu odpovídající kratšímu úvazku, program automaticky tento údaj nepokrátí dle zadaných hodin v údaji L4023</p>

<p>Jak zaměstnanci zadat kratší pracovní dobu než je zákonná týdenní pracovní doba vysvětlíme na příkladech. Příklad č. 1: Zaměstnankyně s týdenním úvazkem 40 hodin se se svým zaměstnavatelem dohodla na kratším pracovním úvazku dle §80, Zákoníku práce. Její nový úvazek bude činit 30 hodin týdne, které budou rovnoměrně rozvrženy do 5 dnů, Po – Pá. [&hellip;]</p>
